{"id":323,"date":"2019-02-09T19:29:35","date_gmt":"2019-02-09T18:29:35","guid":{"rendered":"http:\/\/yamieux.fr\/?page_id=323"},"modified":"2025-07-15T13:35:12","modified_gmt":"2025-07-15T11:35:12","slug":"conseil-dadministration","status":"publish","type":"page","link":"https:\/\/aifonline.net\/?page_id=323","title":{"rendered":"Conseil d&#8217;Administration"},"content":{"rendered":"<p><strong>Pr\u00e9sident :<\/strong> Alain Kaminski<br \/>\n<strong>Vice-pr\u00e9sidents :<\/strong> Jacques Rozen, Jacques Bron\u00e8s<br \/>\n<strong>Tr\u00e9sorier :<\/strong> Michel Kaminski<br \/>\n<strong><br \/>\nAdministrateurs :<\/strong><br \/>\nP. Goldenberg<br \/>\nA. Leibovitz<br \/>\nA. Wargon<br \/>\nJ. Rozen<\/p>\n","protected":false},"excerpt":{"rendered":"<p>Pr\u00e9sident : Alain Kaminski Vice-pr\u00e9sidents : Jacques Rozen, Jacques Bron\u00e8s Tr\u00e9sorier : Michel Kaminski Administrateurs : P. Goldenberg A. Leibovitz<\/p>\n","protected":false},"author":2,"featured_media":0,"parent":0,"menu_order":0,"comment_status":"closed","ping_status":"closed","template":"","meta":{"_mi_skip_tracking":false,"_exactmetrics_sitenote_active":false,"_exactmetrics_sitenote_note":"","_exactmetrics_sitenote_category":0,"footnotes":""},"_links":{"self":[{"href":"https:\/\/aifonline.net\/index.php?rest_route=\/wp\/v2\/pages\/323"}],"collection":[{"href":"https:\/\/aifonline.net\/index.php?rest_route=\/wp\/v2\/pages"}],"about":[{"href":"https:\/\/aifonline.net\/index.php?rest_route=\/wp\/v2\/types\/page"}],"author":[{"embeddable":true,"href":"https:\/\/aifonline.net\/index.php?rest_route=\/wp\/v2\/users\/2"}],"replies":[{"embeddable":true,"href":"https:\/\/aifonline.net\/index.php?rest_route=%2Fwp%2Fv2%2Fcomments&post=323"}],"version-history":[{"count":3,"href":"https:\/\/aifonline.net\/index.php?rest_route=\/wp\/v2\/pages\/323\/revisions"}],"predecessor-version":[{"id":6939,"href":"https:\/\/aifonline.net\/index.php?rest_route=\/wp\/v2\/pages\/323\/revisions\/6939"}],"wp:attachment":[{"href":"https:\/\/aifonline.net\/index.php?rest_route=%2Fwp%2Fv2%2Fmedia&parent=323"}],"curies":[{"name":"wp","href":"https:\/\/api.w.org\/{rel}","templated":true}]}}